{"id":49,"date":"2020-10-11T20:59:27","date_gmt":"2020-10-11T23:59:27","guid":{"rendered":"http:\/\/www.colhistdeviajeros.edu.ar\/Site\/?page_id=49"},"modified":"2020-10-11T21:08:36","modified_gmt":"2020-10-12T00:08:36","slug":"jardin-de-infantes","status":"publish","type":"page","link":"https:\/\/www.colhistdeviajeros.edu.ar\/Site\/jardin-de-infantes\/","title":{"rendered":"Jard\u00edn de Infantes"},"content":{"rendered":"\n<p><strong>Sobre terreno arbolado de 600 metros cuadrados<\/strong><\/p>\n\n\n\n<ul class=\"wp-block-list\"><li>Aulas calefaccionadas<\/li><li>Aire acondicionado<\/li><li>Agua envasada para consumo<\/li><li>Elementos para audiovisuales, Proyector y pantalla.<\/li><li>Biblioteca en cada aula.<\/li><\/ul>\n\n\n\n<p>Sala integrada de 3 y 4 a\u00f1os Turno tarde. <\/p>\n\n\n\n<p>Preescolar Turno ma\u00f1ana.<\/p>\n\n\n\n<p>2 Horas de Educaci\u00f3n F\u00edsica en nuestro campo de deportes.<\/p>\n\n\n\n<p>Siempre acompa\u00f1ados de una preceptora en cada turno.<\/p>\n","protected":false},"excerpt":{"rendered":"<p>Sobre terreno arbolado de 600 metros cuadrados Aulas calefaccionadas Aire acondicionado Agua envasada para consumo Elementos para audiovisuales, Proyector y pantalla. Biblioteca en cada aula. Sala integrada de 3 y 4 a\u00f1os Turno tarde. Preescolar Turno ma\u00f1ana. 2 Horas de Educaci\u00f3n F\u00edsica en nuestro campo de deportes. Siempre acompa\u00f1ados de una preceptora en cada turno.<\/p>\n","protected":false},"author":1,"featured_media":51,"parent":0,"menu_order":0,"comment_status":"closed","ping_status":"closed","template":"","meta":{"footnotes":""},"class_list":["post-49","page","type-page","status-publish","has-post-thumbnail","hentry"],"_links":{"self":[{"href":"https:\/\/www.colhistdeviajeros.edu.ar\/Site\/wp-json\/wp\/v2\/pages\/49","targetHints":{"allow":["GET"]}}],"collection":[{"href":"https:\/\/www.colhistdeviajeros.edu.ar\/Site\/wp-json\/wp\/v2\/pages"}],"about":[{"href":"https:\/\/www.colhistdeviajeros.edu.ar\/Site\/wp-json\/wp\/v2\/types\/page"}],"author":[{"embeddable":true,"href":"https:\/\/www.colhistdeviajeros.edu.ar\/Site\/wp-json\/wp\/v2\/users\/1"}],"replies":[{"embeddable":true,"href":"https:\/\/www.colhistdeviajeros.edu.ar\/Site\/wp-json\/wp\/v2\/comments?post=49"}],"version-history":[{"count":2,"href":"https:\/\/www.colhistdeviajeros.edu.ar\/Site\/wp-json\/wp\/v2\/pages\/49\/revisions"}],"predecessor-version":[{"id":54,"href":"https:\/\/www.colhistdeviajeros.edu.ar\/Site\/wp-json\/wp\/v2\/pages\/49\/revisions\/54"}],"wp:featuredmedia":[{"embeddable":true,"href":"https:\/\/www.colhistdeviajeros.edu.ar\/Site\/wp-json\/wp\/v2\/media\/51"}],"wp:attachment":[{"href":"https:\/\/www.colhistdeviajeros.edu.ar\/Site\/wp-json\/wp\/v2\/media?parent=49"}],"curies":[{"name":"wp","href":"https:\/\/api.w.org\/{rel}","templated":true}]}}